 - 69 = 5*o - n. Calculate the highest common factor of o and f.
40
Let c be 6/2 - -2 - 0. Let y = -26 - -20. Let i be (7 + y)*(1 + 34). Calculate the greatest common divisor of c and i.
5
Let o be (-1)/7 - (2390/(-70) + 10). Calculate the greatest common divisor of o and 24.
24
Suppose 96 = -2*y + 8*y. Suppose -y*c - 12 = -20*c. Calculate the highest common divisor of 21 and c.
3
Suppose 6*z = 77 - 29. Let h = -38 + 126. What is the highest common factor of z and h?
8
Let v = 109 - 63. Suppose 3*b - 35 = v. What is the highest common factor of b and 18?
9
Let i(g) = -3*g**2 - 25*g + 14. Let j be i(-12). Let l = j + 120. Calculate the highest common divisor of l and 5.
1
Let i = 57 - 82. Let y be 6/(-4)*(i - 3). Calculate the highest common divisor of y and 28.
14
Let z = 21 - 21. Suppose z = -6*f + 37 + 179. What is the greatest common divisor of f and 4?
4
Let r(k) = -5*k + 9. Let j be r(5). Let w = j + -2. Let v be (-1)/(((-10)/w)/(-5)). What is the highest common divisor of 45 and v?
9
Let b = -1003 - -1026. Calculate the greatest common divisor of b and 460.
23
Let r(i) = -13*i - 1. Let l be r(-13). Suppose 5*j = -5*q + 95, 0 = -3*j - 19 + 4. Calculate the highest common factor of q and l.
24
Let b be (5/(15/(-32)))/(4/(-18)). Calculate the greatest common factor of b and 84.
12
Suppose -12*s + 54*s = 1344. Let k be 8*2*2*3. What is the greatest common factor of s and k?
32
Let l(t) = 4*t + 38. Let w be l(-9). Let q be (-24)/4 + w - -34. What is the greatest common factor of 10 and q?
10
Suppose 4*a = -4*q + 8 + 64, q = -3*a + 24. Let s = -869 - -989. What is the greatest common divisor of q and s?
15
Let y = -7 - -9. Suppose -y*h + 13 = 5*z, -3*h - 4*z = -48 + 18. Let n be 81/36 + 2/(-8). Calculate the highest common divisor of n and h.
2
Suppose -4*w = -2*w + 2. Let l(k) = -25*k - 1. Let v be l(w). Let f = 82 - 22. What is the highest common factor of f and v?
12
Suppose 6 = 3*s - 27. Suppose 3*a - 11*a = -8. Calculate the highest common divisor of s and a.
1
Suppose -5*n + 570 + 240 = 0. Let z(f) = 3*f**2 - 4*f - 37. Let i be z(5). What is the highest common divisor of i and n?
18
Let g(t) = 5*t**2 - 16*t - 69. Let y be g(-7). Calculate the greatest common divisor of y and 6.
6
Let r(b) = -42*b**2 + b + 1. Let u be r(-1). Let x be u/189 - 3568/(-18). Calculate the greatest common factor of x and 22.
22
Suppose -2*p = 7 + 13. Let a(k) = -3*k - 12. Let t be a(p). Calculate the greatest common divisor of 3 and t.
3
Let q = -26 - -38. Let l = -14 + 18. Suppose -9*d + 90 = -l*d. Calculate the greatest common factor of d and q.
6
Let p(z) = 5*z**2 + 2*z - 1. Let m be p(1). Let r be (11 + 1)*(1 + -1 + 4). Calculate the greatest common factor of m and r.
6
Suppose -a + 16 = 5*f, -3*a = -2*a - 2*f - 2. Suppose -2*s = -3*z + a*z - 13, -5*s + z + 75 = 0. Calculate the greatest common factor of 21 and s.
7
Let c = -75 + 86. Let o(s) be the third derivative of -s**4/24 - 6*s**2. Let g be o(-1). Calculate the greatest common factor of g and c.
1
Let i = -26 + -116. Let g = 247 + i. What is the greatest common divisor of g and 42?
21
Suppose -720 = -4*l - 6*l. Let n = 159 - l. What is the highest common divisor of 58 and n?
29
Let n be (-2)/(-6) + (-480)/(-18) + 3. Suppose -u = 3*u + 3*w - 177, 3*u - 132 = -3*w. Calculate the greatest common divisor of n and u.
15
Suppose 0 = -5*f + k + 20, 2*f = k - 16 + 21. What is the greatest common factor of f and 160?
5
Suppose 5*k - 30 = -0*k. Let c(t) = t - 4. Let v be c(k). Let z(y) = 55*y + 843. Let h be z(-15). Calculate the highest common divisor of h and v.
2
Let a = 333 + -289. What is the greatest common divisor of 88 and a?
44
Suppose 0 = 9*x - 3*x - 12. Suppose -4*k = x*k - 78. Calculate the greatest common divisor of 52 and k.
13
Suppose -4*h + 4*s = -436, 2*s - 94 = h - 2*h. What is the greatest common factor of h and 16?
8
Suppose -3*d - 13*x + 57 = -12*x, d = 5*x + 35. What is the greatest common factor of d and 3540?
20
Suppose -11*a + 440 = 11*a. Calculate the greatest common factor of 90 and a.
10
Let k(s) = 50*s - 20. Let z(q) = 17*q - 7. Let i(g) = 6*k(g) - 17*z(g). Let m be i(1). Calculate the highest common divisor of 4 and m.
2
Let z be ((-8)/(-6))/((-6)/(-9)). Suppose -c - 3 + 0 = 0, -2*c = 2*n + 10. Let f = 24 + n. What is the greatest common factor of z and f?
2
Suppose 54 = -4*s + k + 159, 5*k = -5. Let l(q) = q**3 - 13*q**2 + 15*q - 10. Let g be l(12). What is the highest common divisor of g and s?
26
Let g be (12/(-14) - (-6034)/(-49))*-18. Calculate the greatest common divisor of g and 124.
124
Let q(o) = 4*o**2 - 36*o. Let m be q(10). What is the greatest common divisor of m and 14?
2
Let t = -94 + 140. Let i be (-1400)/50*(69/(-12))/1. Calculate the highest common factor of t and i.
23
Let r = 300 + -254. Suppose n = -2*i - 6, 5*i - 17 = 5*n - 47. What is the greatest common divisor of n and r?
2
Let g(b) be the second derivative of 0 + 11/3*b**3 - 2*b + 1/4*b**4 + 11/2*b**2. Let u be g(-9). Calculate the highest common divisor of 28 and u.
28
Suppose 6 = -2*b - 2. Let q(h) = h**3 + 5*h**2 + 5*h + 2. Let j be q(b). Let t be j/(-5)*(-9 + 134). Calculate the greatest common factor of 10 and t.
10
Let s(c) = c**2 + 19*c + 30. Let n be s(-24). Calculate the highest common factor of n and 18.
6
Let n be (0 + -2 - 0)*-4. What is the greatest common divisor of n and 72?
8
Let d(x) = 2*x**2 - 3*x - 2. Let n be d(4). Suppose 0 = -4*r + 115 - 359. Let i = r - -67. Calculate the highest common factor of n and i.
6
Let m be (-5490)/(-810) - ((-7)/(-9) + -1). Calculate the highest common factor of 119 and m.
7
Let z(a) = 7*a - 4. Let c be z(1). Let j be ((-2)/c)/((-4)/90). Calculate the highest common factor of j and 30.
15
Let g be 1/(-1) + -1 + 19. Let b = 90 - 80. Suppose 5*f - 3*f + b = 0, u + 2*f - 7 = 0. What is the highest common divisor of g and u?
17
Let p(t) = 2*t**2 - 11*t + 60. Let o be p(12). Calculate the highest common divisor of o and 48.
24
Suppose 0 = -o - 3 + 5. Let q be 2 + 10 - (o - 0). Let i = -14 - -84. Calculate the greatest common factor of q and i.
10
Suppose 3*j - 631 = 2*j - 5*m, -2*j + 1277 = 5*m. Calculate the greatest common divisor of j and 38.
38
Let j be (-4 + 7/3)/((-2)/12). Calculate the greatest common divisor of j and 32.
2
Suppose 0 = 3*y + 24 + 15. Let s = y + 61. Suppose -116 + s = -2*i. Calculate the highest common factor of 170 and i.
34
Suppose 9*a = 4*a + 3*l - 2, 0 = a - 4*l + 14. Suppose b + 131 = 2*h, 0*b = 5*h + a*b - 350. What is the highest common divisor of h and 17?
17
Suppose -32 = 6*k - 392. Calculate the greatest common factor of 12 and k.
12
Let v(z) = -z**3 - 43*z**2 + 137*z - 28. Let k be v(-46). What is the greatest common factor of 324 and k?
18
Suppose 0 = -7*n + 25 + 10. Let h be -4 + 2 + -2 + 14*n. Calculate the highest common divisor of h and 22.
22
Let v(s) = 0*s - 6 + 2*s - 3*s - 6. Let r be v(-12). Suppose r*d + 56 = 2*d. Calculate the greatest common divisor of d and 70.
14
Let w = -312 + 407. Calculate the greatest common divisor of w and 5.
5
Let b = 2753 + -1148. Calculate the highest common divisor of b and 15.
15
Let l = 246 - 192. Calculate the highest common divisor of l and 18.
18
Let r be (-2)/(-5) - 280/(-50). Calculate the greatest common factor of 2 and r.
2
Suppose -504 + 27 = -3*o - 3*i, 4*o - 591 = 5*i. Let t be ((-3)/(-1))/((-6)/(-44)). Calculate the greatest common divisor of t and o.
22
Let h be 1/(3/(-33))*225/(-45). Calculate the highest common divisor of h and 99.
11
Let m = -20 - -20. Suppose 7*j - 2*j + 355 = m. Let t = -31 - j. What is the highest common divisor of 10 and t?
10
Suppose 5*l + x + 3*x = 97, 3*l + x - 54 = 0. Calculate the greatest common divisor of l and 119.
17
Let k = 283 + -288. Suppose 4 = -j - 3*j. Let m = j - k. What is the highest common factor of m and 6?
2
Let m be 50 + 1 + (-30)/(-6) + 7. Calculate the greatest common factor of m and 777.
21
Let z = -46 - -42. Let j be 66 - 6/(z - (-20)/8). What is the greatest common divisor of j and 105?
35
Suppose -4*r + 2*y = -32, r - 30 = -y - 28. Calculate the highest common divisor of r and 27.
3
Let h = -8 + 17. Suppose 3*y - 140 - 145 = 0. Suppose y - 365 = -5*i. What is the highest common factor of h and i?
9
Suppose -t + 62 = 2